g**2 + 10*g + 1. Give l(1).
277
Let s(y) = y**3 - 41*y**2 - 194*y + 483. Determine s(45).
-147
Let x(w) = -132*w - 14792. Calculate x(-112).
-8
Let l(q) = -6*q + 51. What is l(-14)?
135
Let j(n) = n**3 + 19*n**2 + 139*n + 2685. What is j(-19)?
44
Let n(j) = 14*j**2 - 160*j + 77. Give n(11).
11
Let c(a) = -a**2 + 109*a + 445. Calculate c(-4).
-7
Let s(a) = -18*a + 1195. Give s(66).
7
Let u(g) = g**3 + 11*g**2 - 25*g - 38. Calculate u(-12).
118
Let o(r) = r**2 + 10*r - 882. What is o(27)?
117
Let t(w) = w**3 - 50*w**2 + 573*w + 97. Give t(32).
1
Let z(m) = 50*m + 490. Calculate z(-9).
40
Let x(m) = m**3 + 3*m**2 - 16*m - 55. Give x(4).
-7
Let q(g) = -16*g**2 + 5*g - 86. Calculate q(0).
-86
Let x(v) = 296*v + 2957. What is x(-10)?
-3
Let y(j) = 16*j**3 + 6*j - 6. Determine y(1).
16
Let d(u) = -u**2 - 9*u + 307. Calculate d(0).
307
Let d(h) = 20*h**2 + 280*h + 9. Calculate d(-14).
9
Let v(x) = 14*x + 116. Determine v(-21).
-178
Let r(s) = 6*s**2 - 42*s - 21. Calculate r(7).
-21
Let t(i) = -i**3 - 68*i**2 + 214*i + 77. Give t(-71).
6
Let p(m) = -228*m**2 - 89*m - 16. Give p(-2).
-750
Let v(a) = -10*a**2 - 877*a + 33. Calculate v(-88).
-231
Let c(u) = -31*u**2 + 111*u + 53. Give c(4).
1
Let l(y) = 158*y + 618. Give l(-4).
-14
Let y(g) = -2*g**2 + 7*g - 36. Determine y(9).
-135
Let t(a) = -22*a - 247. Give t(-11).
-5
Let i(y) = -y**3 - 16*y**2 + 27*y - 35. Determine i(-18).
127
Let g(j) = 139*j + 563. Calculate g(-4).
7
Let d(f) = -f**3 + 43*f**2 - 307*f + 1. Give d(9).
-8
Let i(z) = 18*z**3 + z**2 - 403*z + 402. Calculate i(1).
18
Let b(l) = 3*l - 167. Calculate b(13).
-128
Let p(i) = 3*i**2 - 310*i - 952. Give p(-3).
5
Let g(x) = 532*x - 36696. Determine g(69).
12
Let p(n) = n**2 + 34*n + 162. Give p(-6).
-6
Let v(p) = 93*p - 32171. What is v(346)?
7
Let o(s) = -4*s**3 - 8*s**2 - s + 7. Give o(1).
-6
Let n(y) = -2*y**3 + 12*y**2 - 26*y + 17. Give n(5).
-63
Let d(x) = -41*x**3 - 2*x**2 + 2*x - 74. What is d(0)?
-74
Let a(s) = 3*s**2 + 44*s + 165. Give a(-7).
4
Let i(x) = -x**3 + 12*x**2 - 21*x + 9. Give i(10).
-1
Let g(r) = -2*r**3 + 10*r**2 + 74*r - 399. Calculate g(6).
-27
Let r(x) = 1564*x + 10949. Give r(-7).
1
Let c(u) = 31*u + 52. What is c(2)?
114
Let m(f) = -7*f**2 + 38*f - 16. Calculate m(4).
24
Let z(y) = 252*y + 672. Give z(-3).
-84
Let i(m) = 5*m**2 - 66*m + 191. Give i(3).
38
Let i(a) = -6*a**2 + 171*a - 540. Give i(25).
-15
Let r(f) = -f**3 - 3*f**2 + 21*f + 62. Determine r(-5).
7
Let d(z) = 38*z + 1129. Calculate d(-30).
-11
Let g(t) = -t**3 + 30*t**2 + 3*t - 111. Determine g(30).
-21
Let y(t) = 248*t - 25539. Calculate y(103).
5
Let d(s) = s**2 - 4*s - 74. Calculate d(-9).
43
Let d(w) = -w**2 - 114*w + 5042. Calculate d(34).
10
Let d(k) = 103*k + 14114. Determine d(-137).
3
Let m(n) = -n**2 - 31*n + 1331. Give m(24).
11
Let a(d) = -41*d - 3885. Calculate a(-95).
10
Let d(l) = -7*l + 503. Give d(15).
398
Let a(r) = -24*r**3 + 5*r**2 + 3*r - 2. Determine a(-1).
24
Let n(r) = -4*r + 10. Give n(4).
-6
Let q(m) = 2*m**3 - m**2 - 12*m - 17. Calculate q(-6).
-413
Let m(n) = n**2 + 66*n - 501. Calculate m(7).
10
Let i(j) = -j**2 - 6*j + 1598. What is i(-43)?
7
Let f(r) = r**3 - r**2 - 21*r + 37. Give f(8).
317
Let p(u) = 89*u - 1338. Determine p(13).
-181
Let k(z) = 4*z**3 - 205*z**2 - 159*z + 172. Determine k(52).
16
Let c(q) = -4*q**2 + 13*q + 25. Determine c(-2).
-17
Let s(h) = -h**3 - 10*h**2 - 29*h - 31. Give s(-6).
-1
Let d(z) = 81*z - 77. Calculate d(2).
85
Let h(r) = r**3 + 4*r**2 - 4*r + 59. Determine h(-7).
-60
Let n(k) = -k**3 + 99*k**2 + 306*k + 16. Give n(102).
16
Let r(a) = -45*a**3 - 1. What is r(1)?
-46
Let h(m) = -6*m**2 - 18*m + 97. Calculate h(-6).
-11
Let t(u) = 7*u**2 + 363*u - 839. What is t(-54)?
-29
Let d(a) = -7*a**2 + 56*a + 132. Calculate d(10).
-8
Let l(v) = -9*v**2 + 42*v + 19. Calculate l(5).
4
Let h(r) = 2*r**2 - 17*r + 31. Calculate h(10).
61
Let p(t) = -8*t**2 - 83*t + 15. Give p(-11).
-40
Let r(k) = -k**2 - 2166*k - 8645. Determine r(-4).
3
Let f(k) = -350*k + 805. Determine f(3).
-245
Let y(f) = -746*f - 21639. Determine y(-29).
-5
Let d(v) = v**3 + 25*v**2 - 1052*v + 402. Give d(22).
6
Let k(c) = 16*c**2 + 137*c - 11. Calculate k(-5).
-296
Let k(l) = -34*l - 336. What is k(-10)?
4
Let v(f) = -2*f**2 - 8*f + 427. Calculate v(-16).
43
Let o(h) = h**2 - 325*h + 8310. What is o(297)?
-6
Let h(d) = -6*d**2 + 627*d - 149. Determine h(104).
163
Let a(b) = -b**2 - 146*b + 2594. Give a(16).
2
Let u(m) = 26*m + 167. Determine u(-8).
-41
Let r(o) = -4*o - 160. What is r(67)?
-428
Let t(x) = x**3 + 44*x**2 + 221*x - 265. Calculate t(-38).
1
Let u(s) = -25*s + 607. Determine u(24).
7
Let z(h) = 10*h**3 + 3*h**2 + 5*h + 3. What is z(-2)?
-75
Let z(p) = -126*p + 6297. What is z(50)?
-3
Let p(f) = -33*f - 726. Determine p(-20).
-66
Let b(q) = 501*q - 1021. Determine b(2).
-19
Let h(l) = 32*l - 257. Determine h(15).
223
Let g(a) = -38*a + 455. Calculate g(13).
-39
Let t(q) = q**3 - 10*q**2 - 19*q - 40. What is t(12)?
20
Let x(o) = 45*o**2 - 5310*o + 27. Calculate x(118).
27
Let x(h) = h**3 - 5*h**2 + 39*h + 101. Determine x(-2).
-5
Let n(v) = -7*v**2 + 9*v + 53. Determine n(-5).
-167
Let v(p) = -4*p**2 - 292*p + 294. What is v(1)?
-2
Let d(j) = 223*j - 8035. Determine d(36).
-7
Let a(w) = w**2 + 7*w - 171. Determine a(-17).
-1
Let v(y) = 3*y - 176. Determine v(5).
-161
Let c(k) = 4*k**3 - 19*k**2 + 4*k - 4. Determine c(5).
41
Let a(s) = 653*s + 13732. Give a(-21).
19
Let a(n) = 2*n**2 - 19*n + 124. Give a(0).
124
Let v(y) = -1070*y - 26755. Give v(-25).
-5
Let i(p) = 2*p**3 - 44*p**2 + 42*p - 21. What is i(21)?
-21
Let x(f) = -f**3 - 45*f**2 + 147*f + 133. What is x(-48)?
-11
Let c(g) = 10717*g + 75013. What is c(-7)?
-6
Let x(i) = -58*i**2 + 71*i + 5. Calculate x(2).
-85
Let l(q) = q**2 + 112*q + 581. What is l(-106)?
-55
Let d(q) = -50*q - 843. Determine d(-13).
-193
Let b(h) = -2*h**2 - 98*h - 725. Give b(-9).
-5
Let o(l) = -140*l - 999. Calculate o(-7).
-19
Let a(v) = v**3 + 11*v**2 - 34*v - 17. Calculate a(3).
7
Let x(n) = 42*n**3 + 7*n**2 - 11*n + 3. Give x(1).
41
Let v(b) = b**3 - 45*b**2 + 6*b - 2393. Give v(46).
-1
Let j(o) = 2*o**2 - 2*o + 5. Calculate j(-4).
45
Let v(q) = 3*q**3 - q**2 - 3*q - 15. Give v(4).
149
Let f(u) = 6*u**2 - 234*u + 424. Calculate f(37).
-20
Let y(b) = -b**3 + 15*b**2 + b - 30. What is y(15)?
-15
Let n(s) = 15*s**3 - 6*s**2 - 4*s + 12. Give n(2).
100
Let i(z) = -442*z + 8021. Determine i(18).
65
Let l(a) = -261*a + 1703. What is l(6)?
137
Let y(v) = v**3 + 13*v**2 + 5*v + 21. Give y(-13).
-44
Let z(u) = -u**3 - 23*u**2 - 131*u + 37. Give z(-7).
170
Let p(i) = -1391*i - 12510. Give p(-9).
9
Let q(n) = 30*n - 106. Determine q(4).
14
Let b(s) = 4*s + 79. Calculate b(-15).
19
Let k(s) = 1291*s + 1382. What is k(-1)?
91
Let i(s) = 88*s + 4946. Calculate i(-56).
18
Let n(g) = -g**2 - 146*g + 6990. Determine n(38).
-2
Let a(x) = 2*x**2 - 102*x + 505. Give a(5).
45
Let f(r) = -r**3 - 20*r**2 - 60*r + 85. Calculate f(-5).
10
Let h(z) = z**2 - z - 116. Give h(0).
-116
Let h(d) = 6*d**2 - 3*d - 3. Determine h(0).
-3
Let o(f) = -19951*f - 59854. Give o(-3).
-1
Let o(y) = 2*y**2 - 7*y - 40. Calculate o(10).
90
Let l(z) = 10*z + 239. Give l(-23).
9
Let r(f) = f**3 - f**2 - 3*f - 15. What is r(-4)?
-83
Let h(f) = -3*f**3 + 68*f**2 + 91*f + 116. What is h(24)?
-4
Let n(p) = -2*p**2 + 76*p - 276. What is n(27)?
318
Let y(t) = t**2 + 107*t - 2399. Calculate y(19).
-5
Let m(h) = -14*h - 1888. Calculate m(-136).
16
Let d(z) = 360*z + 615. Determine d(-4).
-825
Let u(l) = -103*l - 9289. Calculate u(-89).
-122
Let q(r) = -2*r**2 + 29*r - 124. What is q(4)?
-40
Let l(d) = 34*d**2 + 92*d + 4. Give l(-2).
-44
Let c(h) = 3*h - 17. Give c(22).
49
Let s(p) = -34*p - 51. Give s(0).
-51
Let y(p) = p**3 + 16*p**2 + 29*p - 25. Give y(-8).
255
Let y(k) = 2*k**3 + 5*k**2 - 5*k - 6. What is y(-6)?
-228
Let f(i) = -38*i**2 + 212*i + 1061. Determine f(-5).
-949
Let l(a) = 2*a**2 + 63*a + 123. Calculate l(-26).
-163
Let i(u) = -23*u**3 + 205*u**2 + 22*u - 39. What is i(9)?
-3
Let m(s) = s**2 - 5*s - 55. Calculate m(-4).
-19
Let p(w) = -w**2 - 327*w - 2873. Determine p(-9).
-11
Let q(v) = 41*v + 1118. Give q(-27).
11
Let r(h) = 9*h**3 - 91*h**2 + 27*h - 159. Determine r(10).
11
Let c(v) = -202*v + 779. Calculate c(4).
-29